213?
True
Does 36 divide 161684996?
False
Is 16 a factor of 7406627312?
True
Is 141027954 a multiple of 578?
True
Is 706 a factor of 1205894596?
True
Does 2770 divide 139489875?
False
Does 322 divide 30667924?
True
Is 1855393055 a multiple of 27?
False
Is 189847988 a multiple of 22?
True
Is 23611200 a multiple of 240?
True
Is 943 a factor of 219179894?
False
Does 115 divide 132914355?
True
Is 142 a factor of 267041224?
True
Does 16 divide 143893456?
True
Does 665 divide 2629589550?
True
Is 307 a factor of 967407720?
False
Is 87239503 a multiple of 4?
False
Is 12 a factor of 25118113?
False
Does 29 divide 191454261?
False
Is 261970774 a multiple of 1651?
True
Is 3580 a factor of 855530500?
True
Is 8037570 a multiple of 494?
False
Is 2887590120 a multiple of 134?
True
Does 296 divide 733564880?
False
Does 1413 divide 246540240?
True
Is 171 a factor of 702996900?
False
Is 13 a factor of 34626384?
True
Is 210 a factor of 55344660?
True
Is 2667907767 a multiple of 16?
False
Is 200057533 a multiple of 13?
True
Does 258 divide 670080180?
True
Does 259 divide 29301188?
True
Is 130 a factor of 174257590?
True
Is 10039 a factor of 1669786870?
True
Is 6 a factor of 35844326?
False
Does 111 divide 2291497431?
True
Does 4 divide 1427650?
False
Does 9 divide 331424539?
False
Is 207 a factor of 619318041?
False
Is 3147 a factor of 102674033?
False
Is 16342307 a multiple of 3?
False
Is 56935622 a multiple of 9?
False
Is 959378067 a multiple of 52?
False
Is 20 a factor of 112178440?
True
Does 567 divide 1464706152?
True
Is 1377 a factor of 76719555?
True
Does 375 divide 75839419?
False
Does 2 divide 2728118?
True
Is 2090512 a multiple of 8?
True
Does 286 divide 133206484?
False
Is 1048 a factor of 53008519?
False
Is 30122778 a multiple of 14?
True
Does 381 divide 599579500?
False
Does 25 divide 261713864?
False
Is 18039590 a multiple of 41?
True
Is 239 a factor of 30049344?
False
Is 1212 a factor of 2058136569?
False
Does 16 divide 124663264?
True
Does 41 divide 150010923?
True
Is 91 a factor of 485566779?
False
Does 10 divide 117887600?
True
Does 8 divide 15978185?
False
Is 2 a factor of 307190544?
True
Does 104 divide 24084135?
False
Is 1087 a factor of 38264574?
True
Is 6 a factor of 23901660?
True
Is 1383 a factor of 376422174?
True
Is 79422330 a multiple of 1066?
True
Is 1872 a factor of 18529295?
False
Is 10 a factor of 23161880?
True
Does 1813 divide 634475667?
True
Is 2201863703 a multiple of 13?
True
Does 4283 divide 402128624?
False
Does 884 divide 70005728?
True
Is 99 a factor of 36757314?
True
Does 2821 divide 92829073?
False
Is 13 a factor of 86055008?
True
Is 97 a factor of 102877541?
False
Is 340 a factor of 141415501?
False
Does 262 divide 13583656?
False
Is 369 a factor of 59866929?
True
Is 49988172 a multiple of 676?
True
Is 123 a factor of 1703945775?
False
Does 145 divide 129007798?
False
Does 2000 divide 122312000?
True
Is 1424 a factor of 1177824576?
True
Is 285 a factor of 335527650?
True
Is 666915 a multiple of 226?
False
Is 2579 a factor of 1772159580?
False
Does 2 divide 11180215?
False
Is 2 a factor of 26831698?
True
Does 17 divide 378666738?
True
Does 128 divide 6453248?
True
Is 34174469 a multiple of 1393?
True
Is 19695811 a multiple of 1650?
False
Is 652635322 a multiple of 18?
False
Is 1636 a factor of 820698880?
False
Is 770 a factor of 147376209?
False
Does 416 divide 21688576?
True
Does 1503 divide 78052296?
False
Does 70 divide 3374070?
True
Is 38 a factor of 694032114?
True
Is 87 a factor of 275615058?
False
Is 182773016 a multiple of 580?
False
Does 542 divide 74102240?
True
Is 313764334 a multiple of 2978?
False
Is 1420376060 a multiple of 530?
False
Is 62 a factor of 108162884?
False
Is 5671599 a multiple of 1047?
True
Does 13 divide 149058?
True
Is 306 a factor of 4785534?
True
Is 6463183617 a multiple of 52?
False
Is 33 a factor of 49955970?
False
Is 84741864 a multiple of 936?
False
Is 27 a factor of 2063154102?
False
Does 24 divide 111844704?
True
Is 76876014 a multiple of 19?
True
Is 127 a factor of 3967799405?
True
Is 573 a factor of 1831131076?
False
Is 135 a factor of 268457490?
True
Is 5872449 a multiple of 17?
False
Does 259 divide 437297481?
False
Is 244 a factor of 3014991368?
True
Is 279 a factor of 105892710?
False
Is 145675768 a multiple of 1321?
False
Does 203 divide 688439178?
True
Does 15 divide 255070501?
False
Does 546 divide 56845161?
False
Does 4 divide 318861449?
False
Does 676 divide 55400228?
True
Is 311 a factor of 35517764?
False
Is 15414414 a multiple of 82?
False
Is 155743476 a multiple of 110?
False
Is 55 a factor of 112899160?
True
Does 1032 divide 1156600584?
True
Is 872182937 a multiple of 1817?
False
Is 37 a factor of 427506400?
False
Is 31788626 a multiple of 227?
True
Is 21 a factor of 151048343?
False
Is 427 a factor of 563290942?
False
Is 56 a factor of 1921736824?
True
Is 29 a factor of 98123936?
True
Does 5347 divide 563793027?
True
Is 14876846 a multiple of 70?
False
Is 211527936 a multiple of 432?
True
Does 9 divide 16024671?
True
Is 1821845910 a multiple of 402?
True
Does 927 divide 2504711388?
False
Does 138 divide 150155040?
True
Is 2151 a factor of 63065169?
True
Is 254 a factor of 41340625?
False
Is 25 a factor of 1891045702?
False
Does 224 divide 1225717445?
False
Does 19 divide 838764652?
True
Is 584423599 a multiple of 432?
False
Is 272 a factor of 19431434?
False
Is 1490 a factor of 29954193?
False
Is 80479228 a multiple of 1440?
False
Is 207 a factor of 95943051?
True
Is 67670900 a multiple of 559?
False
Does 285 divide 70378734?
False
Is 475 a factor of 1906226700?
False
Is 2034786072 a multiple of 6402?
True
Is 4492408 a multiple of 32?
False
Is 2491 a factor of 261446943?
False
Is 693 a factor of 363729566?
False
Does 329 divide 980197925?
True
Is 37 a factor of 2435162844?
True
Does 197 divide 2456504502?
True
Does 476 divide 346215268?
True
Is 65109280 a multiple of 10?
True
Does 11 divide 12417053?
True
Does 19 divide 33052413?
False
Is 8 a factor of 12076094?
False
Is 128710800 a multiple of 15?
True
Is 3683516 a multiple of 4?
True
Is 34424600 a multiple of 48?
False
Does 382 divide 445794?
True
Is 726 a factor of 100759362?
True
Is 330 a factor of 12390180?
True
Does 1733 divide 3756801312?
False
Does 194 divide 93854096?
True
Does 35 divide 183205132?
False
Does 9 divide 37569287?
False
Is 77 a factor of 8050427?
True
Is 565309706 a multiple of 26?
True
Is 4 a factor of 6680144?
True
Is 209 a factor of 3280724452?
False
Does 5 divide 3549759?
False
Is 534670156 a multiple of 2235?
False
Is 11247424 a multiple of 536?
True
Is 3577 a factor of 327700481?
False
Is 240025610 a multiple of 32?
False
Is 743323441 a multiple of 37?
False
Is 1238 a factor of 316232004?
False
Is 570668580 a multiple of 251?
True
Is 1587124 a multiple of 28?
True
Is 32 a factor of 51439222?
False
Is 94330974 a multiple of 47?
True
Is 26451859 a multiple of 5?
False
Is 280 a factor of 22412263?
False
Does 18 divide 7444602?
True
Is 125446 a multiple of 181?
False
Is 2909304977 a multiple of 2901?
False
Does 23 divide 64014980?
True
Is 892 a factor of 12058056?
True
Does 504 divide 47929896?
True
Is 95 a factor of 102139954?
False
Is 6541822656 a multiple of 138?
True
Is 28548723 a multiple of 147?
True
Is 313 a factor of 1066713077?
True
Does 3 divide 82122885?
True
Is 1636583853 a multiple of 38?
False
Is 4564075 a multiple of 225?
False
Does 63 divide 60019103?
False
Is 1217 a factor of 3061537531?
True
Does 70 divide 146076140?
True
Is 11797 a factor of 1458363053?
False
Is 113 a factor of 7539093207?
True
Is 495824715 a multiple of 4?
False
Is 35 a factor of 118634175?
False
Is 24 a factor of 42920616?
True
Does 10 divide 97115330?
True
Does 454 divide 138753779?
False
Does 77 divide 61269228?
False
Is 15477588 a multiple of 14?
True
Is 83 a factor of 23049382?
False
Does 328 divide 90339072?
True
Is 1559 a factor of 2975670043?
False
Is 11 a factor of 123795958?
True
Does 73 divide 378742188?
False
Is 35 a factor of 1948900241?
False
Is 102 a factor of 828730711?
False
Is 10 a factor of 5756010?
True
Does 580 divide 122065060?
True
Is 109168045 a multiple of 35?
True
Does 3 divide 16508966?
False
Is 22134078 a multiple of 387?
True
Is 66 a factor of 24319233?
False
Is 316125453 